 = m + 16, -5*m + 16 = -3*p. Suppose z = 3*y - 0*y - 90, 0 = -m*y - z + 158. Suppose 2595 = y*o - 28*o. Is o composite?
True
Let x(z) = 2*z**3 + 28*z**2 + 30*z + 3. Let c be x(-15). Let s = 12968 + c. Is s composite?
False
Let y(m) = -35*m - 104. Let f be y(-3). Is (1*-6)/(f - (-3219)/(-3217)) a composite number?
True
Let y = 573 + -577. Is (-22720 - (-13 + 25))/(y/3) a composite number?
True
Let j = 48 + -46. Suppose 3*a + j*o = 17, -3*o = -3*a - 2*o + 23. Let n(q) = 4*q**3 + 3*q**2 - 11*q + 15. Is n(a) a prime number?
False
Let j be (-14)/6*-21*1. Suppose -p - 97 = -5*h, -3*h + 0*p = 4*p - j. Let c(k) = 12*k + 26. Is c(h) a prime number?
False
Let w(g) = 13*g**3 - 71*g**2 + 10*g - 4. Let j be w(8). Suppose -i + 3*i + 3*h = -70, 3*h + 12 = 0. Let f = j + i. Is f prime?
False
Suppose 282804 = 3*p - n - 39512, 429753 = 4*p - n. Is p a prime number?
False
Suppose -10*g + 20*g + 4*g - 7497658 = 0. Is g prime?
True
Let y = -321 - -326. Suppose y*k - 4*k + 6122 = 3*a, 5*a + k = 10206. Is a a composite number?
True
Let u = 160 + -279. Suppose -2*w + 8 = 4, -3*t + w + 172 = 0. Let q = t - u. Is q a prime number?
False
Suppose -q + 14259 = 4*q - f, -5*f - 8573 = -3*q. Suppose -3*k = 2*j - q, -4739 = 2*k - 7*k + 3*j. Is k a prime number?
False
Let p(t) = 3247*t**2 + 520*t - 7772. Is p(15) composite?
False
Suppose 3205 + 972 = -r. Let i = -2842 - r. Let z = i + -916. Is z prime?
True
Suppose 24862 - 1077 + 28209 = 2*k. Is k a composite number?
False
Let h(z) = 19*z - 17. Let r be h(5). Let w = r - 69. Is (-2 + w)/(-1)*-53 composite?
True
Let t = 239145 - 169146. Is t prime?
False
Let x(k) = 74*k**2 - 6*k - 5*k - k + 4*k + 0*k + 33. Is x(5) composite?
True
Suppose -5*s = -79 - 6. Let b be (-18 + s)*2/(-4)*-2. Is (-1250)/(-15) + b/3 composite?
False
Suppose 4547635 = 134*b + 114*b - 103*b. Is b composite?
True
Let p(s) = 1662*s**2 - 38*s - 109. Is p(-3) prime?
False
Let a be 0/(11/(66/(-12))). Let n(v) = -2*v**3 + 2*v**2 + v + 6595. Is n(a) a composite number?
True
Let u(y) = 29070*y**2 + 42*y - 43. Is u(1) composite?
True
Suppose -3*p = 3 - 12, 4*p = -4*x + 32. Suppose -2*r = -x*f - 7840 - 158, 2*r + f - 8022 = 0. Is r prime?
False
Let r be (-8)/(4 - 8) - -48063. Let y = r + -21162. Is y composite?
False
Suppose -674009 = -3*p - 70*p. Is p prime?
False
Suppose 762 = y - 35. Let q = -168 - -171. Suppose q*j = 4*j - y. Is j composite?
False
Let m = 304 + -298. Is ((-162)/12 + m)*(-3138)/15 composite?
True
Suppose 247*w = -5*i + 246*w + 259294, -2*i = -2*w - 103720. Is i a prime number?
True
Suppose 14*k = 51 + 19. Suppose -4*p = o - 6241, -12491 = -2*o - k*p + 6*p. Is o composite?
True
Suppose -5*h = -5*p + 14883235, 81*p - 79*p = 5*h + 5953306. Is p composite?
False
Let k(a) be the second derivative of 4*a**4/3 + a**3/3 + 55*a**2/2 + 5*a + 3. Is k(-11) a prime number?
False
Let m(t) = 1440*t - 195. Let y(l) = 2879*l - 386. Let r(q) = -9*m(q) + 4*y(q). Is r(-4) a composite number?
False
Let d(l) = -l**3 + 21*l**2 - 3*l - 11. Suppose 5*r + 15 = 10*r. Suppose -2*j - 26 = -r*b + 12, -3*b = 5*j - 52. Is d(b) composite?
False
Is 13/(130/(-40)) - -7037 composite?
True
Suppose 7*b - 18 = b. Suppose -2*v - f + 11155 = -4*f, -b*v - 5*f = -16742. Is v a prime number?
False
Let x(u) = -u**2 - 15*u - 10. Let d be x(-14). Suppose 0 = 2*b - 0*b + 2*r - 78, -d*b + 2*r = -150. Is 4/b - 71951/(-19) composite?
True
Let q(t) be the second derivative of -t**6/120 - t**5/6 - t**4/6 + t**3 - t**2 + 4*t. Let z(i) be the first derivative of q(i). Is z(-13) a prime number?
False
Suppose 18*l - 210988 - 9008 = 0. Suppose o + 5*x = 6096, 19*o - 4*x + l = 21*o. Is o a composite number?
False
Let c = 151 - 97. Let w(q) = 434*q + 133. Let u be w(4). Suppose c*z - 47*z = u. Is z prime?
False
Let v(r) = 19104*r**2 + 307*r - 2794. Is v(9) a composite number?
True
Let b(a) = a**3 + 27*a**2 + 39*a - 81. Is b(14) a composite number?
False
Suppose -38451 = -4*v + 5*a, -4*v - 8*a = -12*a - 38456. Is v prime?
True
Let j be (10 + 0)*(-22)/(-44). Suppose -z - z + 370 = -j*s, -s - 5*z - 47 = 0. Let b = s - -159. Is b a prime number?
False
Let b = 97 - -250. Let o = b - 84. Is o a composite number?
False
Let h be (-2 + 2 + -3)*1. Let z(t) = t**3 - 13*t**2 + 13*t - 2. Let n be z(12). Is 3 + -9*n/h composite?
True
Is (-8)/60 - (-5343569)/105 composite?
False
Let t(m) = 204*m**2 - 21*m - 455. Is t(-14) prime?
False
Let w(f) = f**3 + 11*f**2 + 8*f + 92. Let n be w(-11). Suppose -4*c - 9190 = -n*m + 33554, m - 10701 = 4*c. Is m composite?
True
Suppose -10*x + 47109 = -54961. Is x a prime number?
False
Let f = 9649 - 7760. Is f composite?
False
Let u(j) = 24*j**2 - j + 3 + 5*j - 28*j**2 + 5 + 3*j**3. Is u(7) composite?
True
Let m = -3 - -17. Let a be (-6)/m - (1104/(-28) - -5). Suppose q + 24 = a. Is q prime?
False
Let j(h) = -1562*h - 1445. Is j(-29) a composite number?
False
Let b be 0 + 2 - (-9 - -9). Suppose b*n + 16954 = 4*n. Suppose -d + 3371 = d + 5*p, 0 = -5*d + 4*p + n. Is d composite?
False
Let x(u) = -u**3 + 3*u**2 - 11*u + 24. Let p be x(2). Suppose -3*n = 4*c - 46981, 2*c + 46975 = -p*n + 9*n. Is n composite?
True
Let c(p) = 2*p**3 + 42*p**2 - 68*p - 1. Is c(20) composite?
True
Suppose 107 = -3*i + 116. Suppose 7313 + 1513 = i*j. Suppose -j = -4*g - 2*p, 3*g - 8*g - 2*p = -3679. Is g a prime number?
False
Let v(g) = 3*g**2 - 5*g + 8. Let i = 5 - 12. Let x be v(i). Let m = 61 + x. Is m a prime number?
True
Suppose -23 + 3 = -5*x. Suppose -3*y + x*y = 5. Suppose 0 = -y*t - 3*h + 2630, -2*t + h + 1048 = 3*h. Is t a prime number?
False
Is ((-67126)/4)/((-223)/446) prime?
True
Let u(b) be the first derivative of -b**4/4 - 10*b**3 - 5*b**2/2 + 56*b + 96. Is u(-30) prime?
False
Suppose -35007938 - 19464387 = -185*g. Is g composite?
True
Suppose 8*g - 836140 = -20*g + 8*g. Is g a prime number?
False
Is 170207 + (71 - 71)/(-2 + 0) a prime number?
True
Let l = 133455 + 60916. Is l a composite number?
False
Suppose 0 = 10*o - 12*o - 30. Is 2081*((-35)/o)/(2/6) a prime number?
False
Let f = 536 + -508. Suppose f*v - 78914 = 40310. Is v prime?
False
Is (-2 - (-274497)/(-2))*(-12 + 10) composite?
True
Is (127/1270 - (-23)/(-30))*(-1912938)/4 a prime number?
True
Let m(a) = 19*a**2 + 12*a + 33. Suppose 3*t - 5 = f + 14, -45 = 5*f - 5*t. Is m(f) a composite number?
True
Suppose 0 = -563*v + 611*v - 9130512. Is v a composite number?
True
Let o(s) be the second derivative of -83*s**3/2 + 5*s**2 - 78*s. Is o(-9) a composite number?
False
Suppose -2703*m + 37303367 = -2674*m. Is m a prime number?
True
Let u(g) = -7*g - 3*g**2 + 21*g + 5*g**2 - 447*g**3 - 4*g**2 + 25 - 132*g**3. Is u(-2) a prime number?
True
Let r = 22837 + 2358. Is r a composite number?
True
Let t(s) = -2*s**3 - 13*s**2 - 8*s - 12. Let i be t(-6). Suppose -3*j + 11*j + 15736 = i. Let p = -606 - j. Is p prime?
True
Let x(z) = -2*z**3 - 26*z**2 + 1 + 21*z**2 + 14*z + z**3 + 4. Let h be x(-7). Suppose -a - 935 = -4*r, h*r = -6*a + a + 1200. Is r composite?
True
Let q(v) = v**3 + 20*v**2 + v + 22. Let l be q(-20). Suppose -4*k - 5*x + 5 = 28, l*k + 2*x = -10. Is (-7602)/(-12) + (-3)/k composite?
True
Is (5*((-243)/30 - -4))/(1/(-7694)) composite?
True
Suppose 0 = -5*d - 0 + 25. Suppose 2*n - 4*i + 8 = -0*i, -3*n - 45 = d*i. Is ((-446)/n)/((-3)/(-1 + -14)) prime?
True
Suppose 4*o + 8 = -4*s, s + 4 = -0*s. Suppose -777 = -3*p - y, -205 = -4*p + o*y + 831. Suppose -p - 2327 = -2*u. Is u composite?
True
Let n = 257 - 254. Suppose -2*r + 6*s - 2*s = -614, 2*r - n*s = 614. Is r prime?
True
Let m(w) = 4*w**3 + 251*w**2 + 25*w + 307. Is m(-62) composite?
False
Is -5*(1/6 + 19/(10260/(-47174598))) composite?
False
Suppose z + 3*s - 90530 = 0, 17*z + 4*s - 181054 = 15*z. Is z a prime number?
False
Is 945845/5 + (-1 - 1) + (-12 - -18) a prime number?
False
Let d = -100 + 108. Let b(z) = 713*z + 135. Is b(d) a prime number?
True
Let h be 8*((-15)/3)/(-5) + 1. Let z(u) = 450*u + 42. Let c be z(14). Suppose h*q = 2289 + c. Is q a composite number?
True
Let g = -25046 - -42597. Is g composite?
False
Suppose 0*p + 3*p = p. Suppose p*v = -6*v - 96. Let m(h) = -20*h - 6. Is m(v) a composite number?
True
Let j(o) = 21650*o - 20. Let c be j(1). Let m = c + -11969. Is m prime?
True
Suppose 5*a - 4*y + 161 = 0, -17*y + 103 = -3*a - 13*y. Let t = 61 + -11. Let r = a